ist the prime factors of h.
2
Suppose 10 = 3*v - 2. List the prime factors of v.
2
List the prime factors of 1530/(-27)*(-1 - 2).
2, 5, 17
Let n(b) = b**3 + b + 8. Let j be n(0). Let g(h) = h + 1. List the prime factors of g(j).
3
Let b be ((-10)/4)/(1/(-2)). Suppose -4*y = 2*p - 1 - 35, -b*y + 36 = -2*p. What are the prime factors of y?
2
Let v(h) = h + 2. Let x be v(-8). What are the prime factors of (-58)/(-4) + x/4?
13
Let v = 6 - 4. Suppose 0 = -2*i + 3*t + 9, -1 = 4*i + t + v. Suppose 9 = k - 4*k, i = -2*q - 4*k + 24. What are the prime factors of q?
2, 3
Suppose -3*u + 39 = 2*f - 106, 4*u - 4*f = 160. What are the prime factors of u?
3, 5
Suppose -6 = -2*p + 18. Let f = 27 - p. What are the prime factors of f?
3, 5
Suppose 12 = -4*g, -2*g + 111 = 3*p - 7*g. What are the prime factors of p?
2
Let u(f) = 7*f. Let t be u(4). Suppose n + n = t. List the prime factors of n.
2, 7
Let y = 77 - 32. List the prime factors of y.
3, 5
Suppose 3*j = -2 + 20. List the prime factors of j.
2, 3
Let q(m) = m**3 - 10*m**2 + 9*m + 4. Let i be q(9). Suppose -5*y - 3*s = -s + 10, -y - 20 = 4*s. Suppose y = i*a - 12 - 8. What are the prime factors of a?
5
Let q = 19 + -20. List the prime factors of q/(-3*(-1)/(-159)).
53
Suppose 8*y + 230 = 13*y. List the prime factors of y.
2, 23
Suppose -2*j + 634 = 4*o, 7*o + j - 800 = 2*o. List the prime factors of o.
7, 23
What are the prime factors of -1 - ((-4)/4 - 42)?
2, 3, 7
Suppose 3*f = 5*b - 633, 3*b - 4*f = 2*b + 113. List the prime factors of b.
3, 43
Let x be ((-3)/2)/((-4)/8). List the prime factors of 2*3 + (3 - x).
2, 3
Let z(y) = 2*y**2 + 2*y + 3. What are the prime factors of z(-3)?
3, 5
List the prime factors of (-574)/(-8) + 49/(-28) + 2.
2, 3
Let z(o) = -74*o**2 - 8*o + 11. Let b(q) = -49*q**2 - 5*q + 7. Let l(k) = -8*b(k) + 5*z(k). List the prime factors of l(1).
3, 7
Suppose -2*s - 4 = 0, -3*p + 3*s = -456 + 39. What are the prime factors of p?
137
Let k(w) be the third derivative of w**5/60 - w**4/6 - w**3/6 - 2*w**2. Let d be k(3). What are the prime factors of 2/d*(-4)/1?
2
Suppose 0 = -4*b, 2*a - 2*b = 7*a - 130. List the prime factors of a.
2, 13
Suppose 0 = -b - 3*b + 20, -4*o + 3*b + 145 = 0. Let l(f) = -f**3 + 6*f**2 - 2*f + 6. Let x be l(5). Let j = o - x. List the prime factors of j.
19
Let l = -4 - -9. What are the prime factors of (l - -1) + 1 + 0?
7
Suppose 30 = -0*c + 2*c. List the prime factors of c.
3, 5
Let l be (-4)/(-6)*(-60)/(-4). Suppose -2*o - 3*o + l = 0. List the prime factors of o.
2
Let k be 3/(-3 - -2) + 23. Let f = 41 - k. What are the prime factors of f?
3, 7
Let q(d) be the third derivative of d**6/120 + d**5/5 - d**4/8 - d**3/3 + 4*d**2. What are the prime factors of q(-12)?
2, 17
Suppose -5*a + a = -236. List the prime factors of a.
59
Let s = -77 + 107. What are the prime factors of s?
2, 3, 5
Suppose -8*g = -3*g - 80. Let q = g - 10. List the prime factors of q.
2, 3
Suppose 2*b - 3*b - 5 = 0, -4*b - 75 = -5*k. Suppose -3*c - 2*p = -80, k - 43 = -c - 2*p. List the prime factors of c.
2, 3
Suppose -5*l - 70 = -4*v + 50, v = -4*l + 9. List the prime factors of v.
5
Let r(i) = -i**2 - 13*i + 10. Let o be r(-12). Let a = o + -11. List the prime factors of a.
11
Let v(m) = -m**3 - 8*m**2 - 5*m + 10. Suppose -9 + 0 = s + 2*z, 26 = -3*s - 5*z. Let w be v(s). Let c = 7 + w. What are the prime factors of c?
3
Let z(b) = -b - 4. What are the prime factors of z(-9)?
5
Let m be (2 - 1)/1 - -2. Suppose 1 = -a, 2*a = -3*c + m + 1. What are the prime factors of c?
2
Let p(j) = -j - 6. Let h be p(-6). Suppose -2*t + 5*t = 9. Suppose -2*f - t = f, -x - 5*f + 9 = h. What are the prime factors of x?
2, 7
Suppose d = -4*k - 2*d + 17, 0 = -5*k + 2*d + 4. Let h be (k + 0 + -23)*-1. Suppose -i = 5*z - h, -2*i = -z - 3*z. List the prime factors of i.
2, 3
Suppose -5*n = -20, 2*h - 2*n + 0 = -2. What are the prime factors of 1/(h*2/42)?
7
Let b = -36 + 26. Let c = 11 - b. What are the prime factors of c?
3, 7
Suppose -4*z = -2*c - c + 102, -5*z - 170 = -5*c. Let h = c - 21. What are the prime factors of h?
13
Suppose 4*a + q - 592 = -0*q, 4*q = 3*a - 444. What are the prime factors of a?
2, 37
Let o be -3*(-4)/(-6) - -12. Suppose 3*b - o = b. Suppose 0 = -m - v - v + 14, 2*m - b*v = 19. List the prime factors of m.
2, 3
Let s(t) = t**2 - 4*t - 2. Let l = -6 - -3. Let f be s(l). Let r = -1 + f. List the prime factors of r.
2, 3
Let w(t) = t**2 - 7*t + 4. Let h(j) = j**3 - 3*j**2 - 2*j - 1. Let b be h(4). Let u be w(b). List the prime factors of ((-6)/u)/((-3)/10).
5
Let u = -60 - -106. List the prime factors of u.
2, 23
Let n be (1 + 0 + 2)*-1. Let x = n + 8. List the prime factors of x.
5
Let y(m) be the third derivative of 2*m**5/5 + m**4/24 + m**3/6 + m**2. Let b be y(-2). Suppose 2*s + b = 7*s. List the prime factors of s.
19
Let q(k) = -5*k - 1. Let j be q(-3). Suppose -3*v = -2 - 13, j = -2*x + 4*v. List the prime factors of x.
3
Suppose -3 + 21 = 3*n. Let a(b) = -b**3 + 9*b**2 - 11*b - 8. List the prime factors of a(n).
2, 17
Suppose -2*c + 7*c = 0. Let v = -11 + 15. Suppose c = -v*w - 8, -4*w - 4 = -y + 12. List the prime factors of y.
2
Let w = 408 + -134. List the prime factors of w.
2, 137
Suppose x - 15 = 4*g, x - g - 9 = g. What are the prime factors of x?
3
Suppose 2*d = -o + 667, -11*d + 6*d + 1664 = -o. What are the prime factors of d?
3, 37
Let y = 2 - -6. Suppose -43 = -4*z - 3*a, z - y = -0*z + 2*a. What are the prime factors of z?
2, 5
Suppose 0 = -2*k - 5*l + 82, 0 = 4*k - k + l - 136. Let u = 69 - k. What are the prime factors of u?
23
What are the prime factors of (-308)/(-5) + (-4)/(-10)?
2, 31
Let o = -51 + 79. What are the prime factors of o?
2, 7
Suppose -5*o + 85 = -4*d - 166, -2*d - 3*o - 153 = 0. Suppose 5*n + 5 = -0. What are the prime factors of n/(-2 + d/(-36))?
2, 3
Suppose -4*g = k - 24, 4*g + 0*k = 3*k + 24. Suppose g*y = y + 85. List the prime factors of y.
17
Let s = -166 - -396. What are the prime factors of s?
2, 5, 23
Suppose 13*v - 8*v - 1560 = 0. List the prime factors of v.
2, 3, 13
Let p(r) be the second derivative of 5*r**3/6 + 3*r**2 - 2*r. Let z(q) = 6*q + 5. Let j(b) = -4*p(b) + 3*z(b). List the prime factors of j(-6).
3
Let r(j) be the second derivative of j**3/2 + 3*j**2/2 + 7*j. What are the prime factors of r(3)?
2, 3
Let f be ((-2)/3)/(6/(-27)). Suppose 2*b = -4*u + 18, -4*u = 3*b - f*u - 17. What are the prime factors of b?
5
Let n(h) = h**2 + 8*h + 1. Let v(r) = -2*r + 2. Let i be v(6). List the prime factors of n(i).
3, 7
Let r(n) = n + 6. Let c be r(-4). Suppose c*l - b - 14 = 0, 0*l + l = -b + 13. What are the prime factors of l?
3
Suppose -5*p + 1 - 21 = 0. What are the prime factors of 10/(-4)*p/5?
2
Let l be 2 - (6/3 - 2). Suppose -l = 5*g - 7. Let d = g - -4. List the prime factors of d.
5
Let j(i) = 188*i**2 - 6*i + 5. What are the prime factors of j(1)?
11, 17
Suppose -2*r = 5*i - 41, 3*i - 20 = i - 2*r. What are the prime factors of i?
7
Suppose 3*t = -t + 148. List the prime factors of t.
37
Suppose 4*o - 269 = 767. What are the prime factors of o?
7, 37
Let q = 9 + 67. What are the prime factors of q?
2, 19
Suppose -4*s + h + 62 = 2*h, -s - 2*h = -12. What are the prime factors of s?
2
What are the prime factors of -1 - (-36 - (-2 - -2))?
5, 7
Let i(s) = 42*s**2 + 1. List the prime factors of i(1).
43
What are the prime factors of ((-38)/(-3))/((-4)/(-18))?
3, 19
Suppose 3*c - 67 = -3*h - 2*h, 3*h - 43 = c. List the prime factors of h.
2, 7
List the prime factors of -3 - 1 - -7 - (3 + -356).
2, 89
Suppose 4*y + 2*k = -3*k + 120, 2*k + 30 = y. List the prime factors of y.
2, 3, 5
Let k(c) = 2*c**2 - 13*c + 10. What are the prime factors of k(8)?
2, 17
Let u(d) = 2*d + 9. Let b(j) = j - 2*j - 2 - 1. Let q(x) = -8*b(x) - 3*u(x). List the prime factors of q(3).
3
Suppose l - 5*r = 5*l - 21, 3*r = 3. Let f = 7 + l. What are the prime factors of f?
11
Let a be (3 + -5)*(9 + 0). What are the prime factors of ((-14)/3)/(6/a)?
2, 7
Suppose -5*p - 25 = 0, -5*m + 6*p = 2*p - 820. Suppose 8*w - m = 3*w. What are the prime factors of w?
2
Let t(i) = -i**2 - 15*i. Let y be t(-11). Let u = 87 - y. List the prime factors of u.
43
Let s(g) = g**2 + 7 - 1 + 0 - 9*g. Let w be s(9). Let u = w + 2. List the prime factors of u.
2
Suppose 0 